mon divisor of 1036 and 10052.
28
Calculate the greatest common factor of 48 and 11142.
6
What is the greatest common factor of 311670 and 30?
30
What is the greatest common factor of 20295 and 198?
99
Calculate the highest common divisor of 341 and 671.
11
What is the greatest common divisor of 432 and 5144?
8
What is the greatest common factor of 11488 and 416?
32
What is the highest common divisor of 43165 and 27590?
445
What is the greatest common divisor of 1194 and 1510211?
199
Calculate the greatest common factor of 105 and 828555.
105
What is the greatest common factor of 15203 and 46?
23
What is the highest common divisor of 1968 and 585972?
492
Calculate the highest common factor of 392 and 399644.
196
Calculate the highest common divisor of 576 and 5832.
72
Calculate the greatest common factor of 94203 and 54.
27
Calculate the highest common factor of 32 and 3756.
4
What is the highest common divisor of 168 and 6447?
21
What is the highest common divisor of 550 and 252050?
50
Calculate the greatest common divisor of 460815 and 3720.
465
What is the highest common factor of 234 and 2466?
18
Calculate the highest common divisor of 1414157 and 2973.
991
What is the highest common divisor of 31226 and 1664?
26
Calculate the highest common factor of 5006745 and 135.
135
What is the highest common factor of 1162084 and 4235?
847
What is the greatest common divisor of 3269593 and 6052?
1513
Calculate the greatest common divisor of 12 and 275982.
6
Calculate the greatest common divisor of 51 and 6921.
3
What is the highest common factor of 10397 and 2248?
281
Calculate the highest common factor of 3087 and 1659.
21
What is the greatest common factor of 13102556 and 244?
244
Calculate the greatest common divisor of 338186 and 4.
2
Calculate the highest common divisor of 50 and 286040.
10
Calculate the greatest common divisor of 52 and 820703.
13
What is the highest common divisor of 2280 and 3120?
120
Calculate the highest common divisor of 8778 and 7392.
462
Calculate the highest common factor of 112 and 58730.
14
What is the greatest common factor of 210 and 466998?
42
Calculate the highest common factor of 5063161 and 17.
17
Calculate the greatest common factor of 105220 and 170.
10
What is the highest common factor of 40863 and 689?
53
Calculate the highest common divisor of 27368 and 594.
22
Calculate the greatest common factor of 1170 and 188240.
130
Calculate the greatest common divisor of 6670 and 460.
230
Calculate the highest common divisor of 14 and 11859022.
14
Calculate the greatest common factor of 444486 and 39102.
798
Calculate the highest common factor of 814 and 64.
2
What is the highest common divisor of 464562 and 2268?
378
Calculate the highest common divisor of 3465592 and 1128.
376
What is the greatest common factor of 7755 and 341?
11
Calculate the highest common divisor of 5354 and 1.
1
Calculate the highest common divisor of 18 and 10218.
6
What is the highest common factor of 1040 and 2020?
20
What is the highest common factor of 3000 and 96?
24
What is the greatest common factor of 161 and 187243?
161
Calculate the greatest common factor of 255 and 1307300.
85
Calculate the greatest common divisor of 188 and 764.
4
Calculate the highest common divisor of 172432 and 104.
104
What is the greatest common factor of 68733 and 63?
63
Calculate the highest common factor of 781 and 197167.
71
What is the highest common factor of 1 and 267433?
1
What is the highest common divisor of 560 and 6544?
16
What is the highest common factor of 21700 and 200?
100
Calculate the greatest common divisor of 249393 and 177.
177
Calculate the greatest common divisor of 518040 and 66.
6
What is the greatest common factor of 616 and 497308?
28
What is the highest common divisor of 3049830 and 658?
658
What is the greatest common factor of 2277340 and 1040?
260
Calculate the highest common divisor of 298 and 46.
2
What is the highest common divisor of 8651 and 2255?
41
Calculate the highest common divisor of 76 and 12521.
19
Calculate the greatest common factor of 2 and 1553.
1
What is the greatest common divisor of 954765 and 441?
441
What is the greatest common factor of 319 and 3046769?
319
What is the highest common divisor of 95472 and 152388?
1836
What is the highest common factor of 2367 and 3407691?
789
Calculate the highest common factor of 13692 and 38.
2
Calculate the highest common factor of 3605 and 21012.
103
What is the greatest common divisor of 31860 and 4012?
236
What is the greatest common divisor of 272281 and 82?
41
What is the greatest common factor of 168312 and 120?
24
What is the greatest common factor of 90 and 16749?
9
Calculate the greatest common factor of 104269 and 11.
11
What is the greatest common factor of 456749 and 249?
83
What is the greatest common factor of 416500 and 9100?
700
What is the greatest common factor of 33 and 115203?
33
What is the highest common factor of 1727 and 517?
11
Calculate the greatest common factor of 726 and 17688.
66
What is the highest common divisor of 14 and 6475?
7
Calculate the greatest common factor of 54672 and 16592.
272
Calculate the highest common factor of 360760 and 10574.
622
What is the highest common divisor of 175 and 2072?
7
What is the highest common factor of 128 and 113104?
16
Calculate the greatest common divisor of 849 and 546473.
283
What is the highest common divisor of 317028 and 11843?
911
Calculate the greatest common factor of 519 and 1220688.
519
What is the highest common factor of 183 and 335073?
183
What is the greatest common factor of 862920 and 240?
120
Calculate the greatest common factor of 12828 and 899029.
1069
What is the highest common divisor of 1645 and 84665?
35
What is the greatest common factor of 200158 and 5950?
238
What is the greatest common divisor of 384 and 3174?
6
Calculate the highest common divisor of 794956 and 4236.
1412
Calculate the greatest common divisor of 5 and 59545.
5
Calculate the highest common divisor of 30908 and 44.
4
What is the highest common divisor of 16417197 and 31?
31
What is the highest common factor of 10502383 and 19?
19
Calculate the greatest common factor of 2250 and 34920.
90
Calculate the highest common divisor of 34 and 279429.
17
What is the greatest common divisor of 392 and 31745?
7
Calculate the highest common divisor of 2904440 and 984.
328
Calculate the highest common factor of 209756 and 492.
164
Calculate the highest common divisor of 88 and 1940202.
22
Calculate the highest common factor of 133214 and 86.
86
What is the greatest common divisor of 17252 and 1691?
19
What is the highest common divisor of 10794931 and 574?
287
Calculate the highest common divisor of 75753 and 3101.
443
What is the highest common divisor of 618 and 108?
6
Calculate the highest common factor of 50 and 179675.
25
What is the highest common divisor of 4908 and 72?
12
Calculate the highest common factor of 390 and 1595334.
78
Calculate the highest common factor of 28 and 246932.
28
What is the highest common divisor of 296 and 1112?
8
Calculate the greatest common factor of 363 and 69729.
33
What is the highest common divisor of 90 and 4230?
90
What is the greatest common divisor of 272 and 5177248?
272
Calculate the highest common factor of 5 and 2604205.
5
Calculate the greatest common factor of 22 and 93346.
22
Calculate the highest common divisor of 380 and 5966.
38
Calculate the greatest common divisor of 25 and 119345.
5
What is the highest common divisor of 91 and 89622?
13
What is the greatest common factor of 1331 and 412247?
121
Calculate the highest common divisor of 49140 and 1664.
52
What is the highest common divisor of 1260 and 27360?
180
Calculate the highest common divisor of 447120 and 3915.
135
What is the highest common factor of 3524 and 1253663?
881
What is the highest common divisor of 693153 and 9?
9
Calculate the highest common factor of 2145 and 84810.
165
What is the greatest common factor of 30502 and 6464?
202
Calculate the greatest common divisor of 1268 and 11729.
317
What is the greatest common factor of 14 and 1904896?
14
Calculate the highest common divisor of 346593 and 312.
39
Calculate the greatest common factor of 370 and 9731.
37
What is the greatest common divisor